t o be -11*(l - 0/2). Calculate the highest common divisor of c and o.
11
Let b be 248/56 + -4 + (-876)/(-14). What is the greatest common factor of 4032 and b?
63
Suppose 2*p - 120 = -2*q, -q = -0*q. Suppose 8*t - 6*t - 175 = -3*f, 260 = 4*f - 4*t. Suppose f - 1 = 5*l. Calculate the highest common divisor of l and p.
12
Let a be 26556/18 - (-29)/(-87). Calculate the greatest common factor of a and 15.
5
Suppose -4*n = 2*s - 16, -2*n - 4 = -4*n. Suppose -6*j = -s - 8. Suppose -2*g + 51 = -j*m - m, 2*g - 45 = m. Calculate the highest common factor of 231 and g.
21
Let i(c) = -78*c + 14. Let r be i(-7). Suppose 9*t - r = t. Calculate the greatest common factor of t and 10.
10
Let x be (-14 - (-10 + 5))/((-20)/340). What is the highest common factor of 4369 and x?
17
Let k(w) = -w**2 - 158*w - 2859. Let q be k(-21). Let m = -12 - -18. Let x be 18/(1 - m/8). Calculate the highest common factor of q and x.
18
Suppose 0 = -s - 2*s + 2*i + 1846, -5*s + 3076 = -4*i. Suppose 0 = 12*f - 40*f + s. What is the greatest common factor of f and 121?
11
Suppose 35*v = 48*v - 260. Suppose d = -3*n + 98, v*n - 17*n + 2*d = 94. Calculate the greatest common divisor of n and 374.
34
Suppose -28*j + 12*j = -400. Calculate the greatest common divisor of 4375 and j.
25
Suppose 16672 = 39*t - 22484. Calculate the highest common divisor of t and 4.
4
Let g = 80 + -26. Let n be (9/(-6))/(6/16). Let c be -2*(254/(-4) + n). Calculate the greatest common factor of g and c.
27
Suppose -74304 = -208*l + 7232. Calculate the greatest common divisor of l and 4214.
98
Suppose 390 = -1294*t + 1300*t. Calculate the greatest common divisor of 689 and t.
13
Suppose -1271 = 11*b - 1689. Let f(g) = g**3 - 8*g**2 + 5*g - 6. Let w be f(7). Let u = b + w. Calculate the highest common factor of u and 36.
18
Suppose -15*h = -46*h + 1871 - 631. Let t(g) = -g**2 + 7*g + 14. Let l be t(6). What is the highest common divisor of h and l?
20
Suppose 0 = 5*r - 3*w + 8*w - 65, -50 = -5*r - 2*w. Let x be 62/4 + -1 - (-4)/r. Let j be (-18)/x*(-51 + 1). Calculate the greatest common divisor of 45 and j.
15
Let u(w) = -403*w**3 - 2*w**2 - 2*w - 1. Let n be u(-1). Suppose 4*g + 3*a - n = 0, 2*g = 6*g + 5*a - 398. Calculate the greatest common factor of g and 51.
51
Suppose -15*m + 10*m - 2*h + 6685 = 0, h = -3*m + 4010. Calculate the greatest common factor of m and 7743.
267
Let h(n) = -2*n - 2. Let q be h(4). Let c be -5*(-3)/15 - q. Suppose c*w = 10*w + 16. Calculate the highest common divisor of 80 and w.
16
Let k be 3 - (18/3 - 2). Let b be 2 + k/((-4)/8). Suppose 0 = -b*z + 20, -4*c = 5*z - 112 - 1. What is the highest common factor of 110 and c?
22
Let z be ((-144)/(-32))/(2/72*2). What is the greatest common factor of z and 21?
3
Let p = 105 - -2. Suppose 465 - 967 = 39*x + 3320. Let q = p + x. What is the greatest common divisor of 9 and q?
9
Let r = -47 + 49. Let k be (-810)/(-12) + r - 6/4. Calculate the highest common factor of k and 51.
17
Suppose -2*w = -7*v - 0*v - 285, 0 = -3*v - 9. Calculate the greatest common divisor of w and 2604.
12
Let f(r) = r**3 + 10*r**2 - 15*r - 205. Let d be f(-9). What is the highest common factor of d and 341?
11
Let m(a) = a**2 + a + 1. Let u(d) = d**3 + 6*d**2 + 8*d - 111. Let o(k) = 6*m(k) - u(k). Let x be o(0). Calculate the highest common factor of 13 and x.
13
Let r be 45/75 + (-197)/(-5). Suppose 50*q - r = 46*q. Calculate the highest common factor of 14 and q.
2
Suppose 160 = -31*h - h. Let q(a) = a**3 + 5*a**2 - 15*a - 51. Let g be q(h). What is the greatest common factor of g and 384?
24
Let d = -12667 + 12741. What is the greatest common factor of 38 and d?
2
Let n be (129 - 4)*(-4 - -8)/4. Suppose -2*l - t - n = -7*l, 0 = 5*l + 3*t - 125. Calculate the highest common divisor of 275 and l.
25
Suppose 65 = 11*k - 56. Suppose -1656 = -k*l + 38. Let y be 2*(-13)/(-2) + 1. Calculate the highest common factor of l and y.
14
Let u(d) = 18*d**2 - 169*d + 2344. Let a be u(16). Calculate the greatest common divisor of 72 and a.
72
Let o(g) = -2*g**3 + 12*g**2 - g - 25. Let a be o(5). Calculate the greatest common divisor of a and 4200.
20
Let n be (-90)/585 - 2380/(-91). Calculate the greatest common factor of 1417 and n.
13
Suppose 12*c - 87 = 9*c. Suppose c - 5 = 6*u. Suppose l - 20 = -a, -u*l - a + 80 - 6 = 0. Calculate the highest common factor of 18 and l.
18
Suppose -2*w = -34*m + 29*m - 9706, -24178 = -5*w - 2*m. What is the highest common divisor of 944 and w?
118
Let x = 215 - 205. Suppose -14*q = -x*q - 640. Calculate the highest common factor of 20 and q.
20
Suppose d - 21 = -v, -3*v + 7*d + 59 = 6*d. Calculate the greatest common factor of 36 and v.
4
Suppose -28*w + 81868 = u - 38670, 4*u = -3*w + 12907. What is the highest common factor of w and 75?
15
Let y(n) = n**3 + 3*n**2 + 4*n + 5. Let r be y(-3). Let g be 9*6/(-42)*r. What is the highest common factor of 4 and g?
1
Let s be -1 + 72 - ((6 - 14) + 4). Suppose -s = 57*m - 58*m. Calculate the highest common divisor of 10 and m.
5
Let a be (-35)/(665/(-16872))*(-3)/(-4). What is the highest common factor of a and 72?
18
Suppose -1912*v = -1951*v + 668226. Calculate the highest common divisor of 26 and v.
26
Let c = -357 - -718. Let r = 378 - c. What is the greatest common factor of 289 and r?
17
Let h be (-2)/(-16) + ((-3913)/(-56) - -6). Suppose -5*y + x + 365 = -4*x, -y + 2*x + h = 0. What is the greatest common divisor of y and 20?
10
Suppose 0 = 12*s - 250 - 590. Suppose 0 = 2*t - 6, f + t = -2*t + 29. Suppose -10 = k - f. Calculate the highest common divisor of s and k.
10
Let j be (5/(-4))/((-55)/220). Suppose -j*a + 20*g - 18*g = -156, -165 = -5*a + 5*g. What is the greatest common divisor of 55 and a?
5
Suppose 0 = -q - 3*h + 14, -3*h + 5 = 2*h. Let c be 4/2*((-195)/(-15) - -9). What is the greatest common divisor of c and q?
11
Let y be (-8)/(-4) - -37 - 3. Let g be (-2 + -1 + -13)*13/(-4). Let l = g + -48. Calculate the greatest common divisor of y and l.
4
Let n = 7327 + -7313. Let i(m) = 224*m**3 - m**2 + 2*m - 1. Let p be i(1). Calculate the greatest common divisor of p and n.
14
Suppose 0 = -3*c + 4*f + 5035, -7*c - f - 5023 = -10*c. What is the greatest common factor of 14 and c?
7
Let o = -2119 + 2245. What is the greatest common divisor of o and 414?
18
Let s(u) = -4 - u**2 - 36 + 28*u - 44*u. Let d be s(-8). Let w be 0*2/(-4) + 36. What is the highest common divisor of d and w?
12
Let h = 717 + -724. Let o = h - -35. Calculate the highest common divisor of o and 1344.
28
Let f(h) = -h**3 - 29*h**2 - 89*h - 411. Let s be f(-30). Calculate the greatest common divisor of 39 and s.
39
Suppose 0 = 2*i - o + 5*o - 52, 2*i + 3*o - 47 = 0. Let z = i - 12. Let t(y) = y + 17. Let s be t(z). What is the greatest common factor of 21 and s?
21
Let j = -51 - -108. Let b = j + -58. Let x(a) = -44*a**3 + a**2 - a - 2. Let d be x(b). What is the greatest common factor of d and 396?
44
Suppose -11*s + 35*s = 408. Suppose -12 - 634 = -s*t. Calculate the greatest common factor of 95 and t.
19
Let m = -140 + 160. Let i = 46 - 26. Suppose 11*o - i = 7*o. What is the highest common divisor of o and m?
5
Suppose -19*f + 709 = 177. Suppose -2*d = a - f, 5*a = 35*d - 33*d - 28. Calculate the greatest common factor of d and 4.
2
Let q = -815 - -875. What is the highest common divisor of q and 735?
15
Let k be 1061 - 21/((-273)/52). Calculate the highest common factor of 60 and k.
15
Let f = -20 + 39. Let n(o) = -o**3 - 10*o**2 + 9*o - 16. Let g be n(-12). Suppose -162*j - 266 = -g*j. Calculate the highest common factor of j and f.
19
Suppose -3*v + 5*d + 41 = 0, 0*v = 4*v + 3*d - 16. Suppose v*r - 102 = -18. Calculate the greatest common divisor of r and 18.
6
Let i(b) = 3*b**2 + 45*b - 135. Let r be i(3). Suppose -157 + 58 = -g. What is the greatest common divisor of g and r?
9
Suppose 2*l + 9 = 21. Suppose 61 = 2*k - r, -151 = -l*k + k + 3*r. Calculate the highest common divisor of 1 and k.
1
Let t = -15 + -37. Let c be -10*(-3 + t/(-20)). Suppose -a + c*a = -w + 19, w - 2*a - 29 = 0. Calculate the highest common factor of 75 and w.
25
Let i = -50 + 50. Let c(k) = k**3 - k - 5. Let q be c(i). Let n be (126 + -2)*q/(-20). What is the highest common factor of n and 341?
31
Let n = -6355 - -727